 factors of 700728?
2, 3, 7, 43, 97
List the prime factors of 25428.
2, 3, 13, 163
List the prime factors of 329670.
2, 3, 5, 11, 37
List the prime factors of 354737.
354737
What are the prime factors of 8082950?
2, 5, 161659
What are the prime factors of 4684330?
2, 5, 7, 66919
List the prime factors of 1755984.
2, 3, 36583
What are the prime factors of 226676?
2, 61, 929
What are the prime factors of 33998?
2, 89, 191
What are the prime factors of 3894464?
2, 7, 8693
What are the prime factors of 1008982?
2, 13, 151, 257
What are the prime factors of 484120?
2, 5, 7, 13, 19
What are the prime factors of 626377?
626377
What are the prime factors of 32459460?
2, 3, 5, 11, 17, 263
What are the prime factors of 775237?
775237
List the prime factors of 736144.
2, 139, 331
What are the prime factors of 1044545?
5, 23, 31, 293
What are the prime factors of 1303505?
5, 7, 37243
What are the prime factors of 18269?
18269
What are the prime factors of 200265?
3, 5, 13, 79
List the prime factors of 336186.
2, 3, 19, 983
What are the prime factors of 338559?
3, 13, 8681
List the prime factors of 4085628.
2, 3, 23, 113, 131
List the prime factors of 3431207.
13, 79, 257
What are the prime factors of 7283852?
2, 547, 3329
List the prime factors of 1542115.
5, 308423
List the prime factors of 45048.
2, 3, 1877
What are the prime factors of 192398?
2, 96199
List the prime factors of 1118664.
2, 3, 5179
What are the prime factors of 99538?
2, 157, 317
What are the prime factors of 4551579?
3, 29, 5813
List the prime factors of 538655.
5, 13, 8287
What are the prime factors of 9205022?
2, 61, 197, 383
List the prime factors of 1219816.
2, 13, 37, 317
What are the prime factors of 1132545?
3, 5, 75503
What are the prime factors of 12311141?
23, 83, 6449
List the prime factors of 3715839.
3, 89, 4639
What are the prime factors of 171473?
171473
What are the prime factors of 7871385?
3, 5, 41, 12799
List the prime factors of 503802.
2, 3, 13, 2153
List the prime factors of 533635.
5, 106727
List the prime factors of 37594.
2, 18797
What are the prime factors of 2329459?
11, 17, 12457
What are the prime factors of 2755825?
5, 110233
What are the prime factors of 10949732?
2, 2737433
What are the prime factors of 1695456?
2, 3, 7, 29
What are the prime factors of 1177584?
2, 3, 24533
What are the prime factors of 4762918?
2, 587, 4057
List the prime factors of 25136059.
13, 71, 113, 241
List the prime factors of 10457099.
10457099
List the prime factors of 2724376.
2, 29, 11743
List the prime factors of 1030421.
7, 17, 1237
What are the prime factors of 1667671?
757, 2203
What are the prime factors of 74103?
3, 17, 1453
List the prime factors of 4099681.
23, 178247
What are the prime factors of 3024109?
11, 23, 11953
What are the prime factors of 20592592?
2, 887, 1451
What are the prime factors of 113524?
2, 101, 281
What are the prime factors of 1148250?
2, 3, 5, 1531
What are the prime factors of 2210392?
2, 23, 41, 293
List the prime factors of 666157.
53, 12569
What are the prime factors of 940395?
3, 5, 71, 883
What are the prime factors of 1231724?
2, 13, 23687
What are the prime factors of 1237744?
2, 77359
What are the prime factors of 1195046?
2, 597523
What are the prime factors of 5732290?
2, 5, 23, 24923
List the prime factors of 2119082.
2, 7, 23, 6581
What are the prime factors of 1844665?
5, 53, 6961
List the prime factors of 38022.
2, 3, 6337
What are the prime factors of 391124?
2, 277, 353
List the prime factors of 3221454.
2, 3, 536909
List the prime factors of 2332235.
5, 157, 2971
List the prime factors of 10725789.
3, 3575263
What are the prime factors of 189555?
3, 5, 12637
What are the prime factors of 250856?
2, 31357
What are the prime factors of 5283923?
17, 310819
What are the prime factors of 1729620?
2, 3, 5, 3203
List the prime factors of 343927.
17, 20231
What are the prime factors of 1714315?
5, 342863
List the prime factors of 2021196.
2, 3, 168433
What are the prime factors of 32435082?
2, 3, 17, 105997
List the prime factors of 5178517.
5178517
What are the prime factors of 70684?
2, 41, 431
List the prime factors of 668483.
239, 2797
List the prime factors of 929878.
2, 464939
List the prime factors of 1389279.
3, 463093
What are the prime factors of 254132?
2, 63533
What are the prime factors of 1931444?
2, 482861
List the prime factors of 7519838.
2, 3759919
What are the prime factors of 62697?
3, 20899
What are the prime factors of 456613?
456613
List the prime factors of 8293429.
8293429
What are the prime factors of 1264404?
2, 3, 105367
List the prime factors of 348853.
131, 2663
List the prime factors of 89975.
5, 59, 61
List the prime factors of 295194.
2, 3, 49199
What are the prime factors of 2840874?
2, 3, 473479
List the prime factors of 694909.
17, 41, 997
List the prime factors of 214849.
214849
List the prime factors of 3238387.
173, 18719
What are the prime factors of 512140?
2, 5, 29, 883
List the prime factors of 3682564.
2, 920641
What are the prime factors of 661663?
661663
What are the prime factors of 2094145?
5, 17, 71, 347
What are the prime factors of 1630739?
11, 148249
List the prime factors of 1174111.
107, 10973
What are the prime factors of 435252?
2, 3, 19, 23, 83
List the prime factors of 7772644.
2, 11, 176651
List the prime factors of 15846910.
2, 5, 41, 38651
List the prime factors of 291189.
3, 29, 3347
List the prime factors of 270307.
270307
What are the prime factors of 97978?
2, 48989
What are the prime factors of 208460?
2, 5, 7, 1489
List the prime factors of 1313608.
2, 164201
What are the prime factors of 313356?
2, 3, 26113
What are the prime factors of 995917?
13, 71, 83
List the prime factors of 7567103.
1319, 5737
What are the prime factors of 121952?
2, 37, 103
What are the prime factors of 253422?
2, 3, 13, 19
List the prime factors of 2225602.
2, 163, 6827
List the prime factors of 1202613.
3, 400871
List the prime factors of 1155319.
11, 127, 827
List the prime factors of 475755.
3, 5, 7, 23, 197
List the prime factors of 27253385.
5, 5450677
What are the prime factors of 777980?
2, 5, 7, 5557
List the prime factors of 6521480.
2, 5, 7, 23291
What are the prime factors of 6010434?
2, 3, 71, 4703
What are the prime factors of 5758113?
3, 197, 9743
What are the prime factors of 46274?
2, 17, 1361
What are the prime factors of 1218190?
2, 5, 43, 2833
What are the prime factors of 1820593?
97, 137
List the prime factors of 727042.
2, 113, 3217
List the prime factors of 352.
2, 11
What are the prime factors of 925284?
2, 3, 83, 929
List the prime factors of 280391.
199, 1409
What are the prime factors of 121447?
121447
List the prime factors of 2043528.
2, 3, 85147
What are the prime factors of 5332595?
5, 53, 20123
List the prime factors of 10666038.
2, 3, 17, 53, 1973
List the prime factors of 1604504.
2, 11, 18233
What are the prime factors of 5610357?
3, 17, 719
List the prime factors of 683720.
2, 5, 17093
What are the prime factors of 9464293?
23, 411491
What are the prime factors of 1046285?
5, 209257
List the prime factors of 12988017.
3, 7, 17, 67, 181
List the prime factors of 92658.
2, 3, 15443
What are the prime factors of 2796586?
2, 13, 29, 3709
List the prime factors of 29222672.
2, 1826417
List the prime factors of 19444797.
3, 2160533
What are the prime factors of 14358222?
2, 3, 263, 337
What are the prime factors of 851370?
2, 3, 5, 13, 37, 59
What are the prime factors of 7809314?
2, 3904657
List the prime factors of 1574158.
2, 787079
What are the prime factors of 2317110?
2, 3, 5, 77237
List the prime factors of 7752212.
2, 13, 43, 3467
What are the prime factors of 13286144?
2, 51899
List the prime factors of 491103.
3, 43, 47
What are the prime factors of 574111?
83, 6917
List the prime factors of 2476357.
13, 14653
List the prime factors of 6702667.
6702667
What are the prime factors of 250200?
2, 3, 5, 139
List the prime factors of 636831.
3, 13, 5443
What are the prime factors of 12053335?
5, 7, 521, 661
List the prime factors of 4120435.
5, 11, 19, 3943
What are the prime factors of 4514531?
7, 644933
What are the prime factors of 2539468?
2, 83, 7649
What are the prime factors of 2149983?
3, 11, 19, 127
List the prime factors of 152923.
31, 4933
L